631
What are the prime factors of 202983253?
11, 18453023
List the prime factors of 151192014.
2, 3, 1373, 18353
List the prime factors of 84092972.
2, 79, 266117
What are the prime factors of 58646709?
3, 11, 592391
List the prime factors of 22460559.
3, 11, 680623
What are the prime factors of 1182175588?
2, 11, 26867627
What are the prime factors of 1842927706?
2, 103, 8946251
List the prime factors of 664866850.
2, 5, 661, 20117
What are the prime factors of 3531794069?
3531794069
List the prime factors of 346255142.
2, 173127571
List the prime factors of 868169842.
2, 434084921
What are the prime factors of 32598446?
2, 3541, 4603
What are the prime factors of 28199743?
11, 13, 19, 97, 107
List the prime factors of 530036127.
3, 23, 467, 5483
What are the prime factors of 1399173815?
5, 13, 1655827
What are the prime factors of 1357035932?
2, 7, 48465569
List the prime factors of 66594199.
7, 9513457
List the prime factors of 61439677.
13, 829, 5701
List the prime factors of 86733898.
2, 17, 19, 134263
What are the prime factors of 3814513084?
2, 4157, 229403
List the prime factors of 33903501.
3, 11301167
What are the prime factors of 473518310?
2, 5, 4651, 10181
What are the prime factors of 166044909?
3, 101, 548003
List the prime factors of 44491360.
2, 5, 278071
List the prime factors of 337821900.
2, 3, 5, 13, 19, 47, 97
List the prime factors of 11239464.
2, 3, 173, 2707
What are the prime factors of 246752388?
2, 3, 6854233
List the prime factors of 19218548.
2, 67, 71711
List the prime factors of 139277114.
2, 69638557
What are the prime factors of 122908005?
3, 5, 11, 248299
What are the prime factors of 1213257139?
17, 4637, 15391
What are the prime factors of 519908313?
3, 43, 47, 85751
What are the prime factors of 236076248?
2, 29509531
List the prime factors of 186745868.
2, 46686467
What are the prime factors of 38326058?
2, 17, 97, 11621
List the prime factors of 316660843.
89, 3557987
List the prime factors of 13812234.
2, 3, 263, 8753
What are the prime factors of 66129858?
2, 3, 408209
What are the prime factors of 28879013?
28879013
What are the prime factors of 51472010?
2, 5, 53, 97117
What are the prime factors of 101284033?
101284033
What are the prime factors of 74963639?
74963639
List the prime factors of 320298827.
19, 16857833
What are the prime factors of 89796319?
751, 119569
What are the prime factors of 42373163?
7, 17, 356077
What are the prime factors of 38686950?
2, 3, 5, 28657
What are the prime factors of 67222258?
2, 1693, 19853
What are the prime factors of 43010683?
29, 83, 107, 167
List the prime factors of 133663225.
5, 211, 25339
List the prime factors of 881808512.
2, 13, 529933
What are the prime factors of 100711824?
2, 3, 107, 19609
List the prime factors of 43443357.
3, 353, 41023
List the prime factors of 227119280.
2, 5, 67, 42373
List the prime factors of 47873207.
17, 31, 90841
What are the prime factors of 71338085?
5, 7, 13, 83, 1889
List the prime factors of 84090103.
84090103
What are the prime factors of 456487643?
456487643
What are the prime factors of 860791613?
11, 5791, 13513
List the prime factors of 790737752.
2, 7, 67, 73, 2887
List the prime factors of 3105943.
23, 83, 1627
List the prime factors of 2584576518.
2, 3, 773, 557261
List the prime factors of 12120740.
2, 5, 606037
What are the prime factors of 575468248?
2, 151, 476381
List the prime factors of 4059769681.
11, 829, 445199
What are the prime factors of 975759460?
2, 5, 13, 3752921
List the prime factors of 55346147.
223, 248189
What are the prime factors of 6581738568?
2, 3, 67, 383, 10687
What are the prime factors of 2174815221?
3, 19, 6151, 6203
List the prime factors of 58363243.
58363243
What are the prime factors of 223707614?
2, 13, 23, 374093
List the prime factors of 3882971859.
3, 13, 99563381
What are the prime factors of 338233026?
2, 3, 41, 311, 4421
What are the prime factors of 173668695?
3, 5, 739, 15667
List the prime factors of 131483086.
2, 7, 1123, 8363
What are the prime factors of 39456934?
2, 11, 1793497
List the prime factors of 156614801.
7, 163, 317, 433
List the prime factors of 65272225.
5, 2610889
List the prime factors of 299387055.
3, 5, 11, 1814467
List the prime factors of 1676416388.
2, 31, 2281, 5927
List the prime factors of 832983689.
832983689
What are the prime factors of 32333151?
3, 10777717
List the prime factors of 26533.
13, 157
List the prime factors of 385476901.
385476901
List the prime factors of 349720143.
3, 1069, 109049
What are the prime factors of 203970431?
7, 2389, 12197
What are the prime factors of 452689140?
2, 3, 5, 7544819
What are the prime factors of 812304848?
2, 29, 1750657
What are the prime factors of 1047657321?
3, 19, 226913
What are the prime factors of 742692802?
2, 71, 73, 71647
What are the prime factors of 87372813?
3, 11, 71, 89, 419
List the prime factors of 124655342.
2, 7, 463, 19231
What are the prime factors of 514627234?
2, 11, 1459, 16033
What are the prime factors of 480464602?
2, 3181, 75521
What are the prime factors of 364269531?
3, 151, 804127
What are the prime factors of 128405051?
479, 268069
What are the prime factors of 322630684?
2, 29, 641, 4339
What are the prime factors of 23316434?
2, 23, 223, 2273
What are the prime factors of 169286361?
3, 4789, 11783
List the prime factors of 21497525.
5, 7, 23, 109
List the prime factors of 627699588.
2, 3, 1889, 27691
List the prime factors of 84270882.
2, 3, 14045147
What are the prime factors of 357136771?
31, 709, 16249
What are the prime factors of 265262249?
7, 19, 1367, 1459
What are the prime factors of 1786842756?
2, 3, 127, 283, 1381
List the prime factors of 2087941162.
2, 71, 389, 37799
What are the prime factors of 116688671?
11, 19, 558319
List the prime factors of 1621722278.
2, 11, 73714649
What are the prime factors of 2034347294?
2, 7, 947, 153443
List the prime factors of 96422508.
2, 3, 7, 13, 9811
What are the prime factors of 18073612?
2, 29, 37, 4211
What are the prime factors of 774316189?
13859, 55871
List the prime factors of 1042412889.
3, 7, 109, 455401
What are the prime factors of 17203655?
5, 7, 23, 43, 71
List the prime factors of 39085206.
2, 3, 6514201
What are the prime factors of 244077187?
83, 2940689
What are the prime factors of 1209967233?
3, 23, 97, 293, 617
What are the prime factors of 56041342?
2, 7, 41, 89, 1097
What are the prime factors of 303467808?
2, 3, 7, 467, 967
List the prime factors of 160948106.
2, 11, 59, 123997
What are the prime factors of 153096457?
149, 1027493
List the prime factors of 4631680779.
3, 11, 2311, 60733
What are the prime factors of 83067520?
2, 5, 129793
What are the prime factors of 1591267656?
2, 3, 11, 6027529
List the prime factors of 143222091.
3, 127, 199, 1889
What are the prime factors of 621400664?
2, 6967, 11149
What are the prime factors of 2079454265?
5, 7, 23, 2583173
List the prime factors of 21445825.
5, 227, 3779
What are the prime factors of 771569033?
771569033
List the prime factors of 121734819.
3, 907, 1657
List the prime factors of 580431162.
2, 3, 103, 181, 5189
List the prime factors of 17731263.
3, 11, 571, 941
List the prime factors of 34474431.
3, 101, 113777
List the prime factors of 8498823863.
23, 369514081
List the prime factors of 6590273769.
3, 732252641
What are the prime factors of 28006988?
2, 19, 368513
List the prime factors of 489235360.
2, 5, 3057721
List the prime factors of 26531732.
2, 67, 98999
List the prime factors of 1106704211.
1487, 744253
List the prime factors of 30293178.
2, 3, 41, 123143
What are the prime factors of 57006690?
2, 3, 5, 13, 313, 467
What are the prime factors of 22261505?
5, 7, 636043
List the prime factors of 79961594.
2, 39980797
List the prime factors of 189427980.
2, 3, 5, 7, 31, 14549
List the prime factors of 390278337.
3, 1291, 100769
List the prime factors of 973317114.
2, 3, 7, 11, 234083
What are the prime factors of 106724948?
2, 11, 2425567
What are the prime factors of 117417692?
2, 7, 43, 97523
List the prime factors of 4759924075.
5, 190396963
List the prime factors of 2462988746.
2, 1231494373
List the prime factors of 109497122.
2, 7, 47, 166409
What are the prime factors of 109093895?
5, 21818779
What are the prime